 -189*b = -185*b - 108. Suppose 31*y = b*y + 72. Calculate the remainder when 35 is divided by y.
17
Let j(l) = 2*l + 31. Let n be j(-13). Suppose 819 = n*g + 2*g. What is the remainder when g is divided by (1 - 2)/(5/(-150))?
27
Let i(j) be the first derivative of 2*j**3 + 5/2*j**2 - 1/4*j**4 + 8*j + 2. What is the remainder when i(6) is divided by 13?
12
Suppose 0 = 10*u - 586 - 304. What is the remainder when u is divided by 10?
9
Let p(w) = 3*w**3 - 3*w**2 + 2*w + 6. What is the remainder when 26 is divided by p(2)?
4
Suppose -11637 = -36*k - 2313. What is the remainder when k is divided by 117?
25
Let n(q) = 3*q**3 + 28*q**2 + 38*q + 5. Calculate the remainder when 316 is divided by n(-7).
70
Calculate the remainder when 4 is divided by 96/46 - 22/253 - -2.
0
Let g(i) = 17*i + 1. Let z(r) = -33*r - 2. Let t(j) = -11*g(j) - 6*z(j). What is the remainder when 21 is divided by t(1)?
9
Let z = 6 + -12. Let p be 4*(-1)/2 - z. Suppose 0 = -0*k + 2*k - p*m - 20, 0 = -3*k + m + 30. What is the remainder when 39 is divided by k?
9
Let i(y) = y**2 + 3*y + 4. Let z = -74 - -76. Suppose 52 = z*k + 38. Calculate the remainder when k is divided by i(-3).
3
Suppose -6*s - 359 - 19 = 0. Let l = s - -70. Calculate the remainder when 23 is divided by l.
2
Suppose 0*p - v + 24 = 2*p, 3*p - 2*v = 50. Suppose s + 232 - p = 0. Let k = 333 + s. What is the remainder when k is divided by 39?
37
Let u = 3 + 0. Suppose -u*k = -26 - 49. Calculate the remainder when k is divided by (77/(-33))/(1/(-3)).
4
Let x(m) = 2*m**2 - 4*m + 2. Let f = 11 - 8. Let z(v) = 22*v**2 - v - 1. What is the remainder when z(-1) is divided by x(f)?
6
Let a = 4 + -1. What is the remainder when 40 is divided by a?
1
Let h = -2 + 8. Suppose 48 = 3*p + 3*x, x = 4*p - 27 - 12. Calculate the remainder when p is divided by h.
5
Calculate the remainder when 38 is divided by 1/3*(-42)/(-2).
3
Let n = 120 + -129. What is the remainder when (-6)/n - -41*(-6)/(-9) is divided by 16?
12
Suppose -4*w - 54 = -2*p, 5*p - 43 = 3*w + 85. Let k(m) = -5*m**2 + 3. Let j be k(-2). Let o = j - -89. What is the remainder when o is divided by p?
22
Let h be 1/(-8)*-4*2. Calculate the remainder when 217/4 + h/(-4) is divided by 15.
9
Suppose -9 = -t - 4*v, -t = 3*v + 1 - 9. Suppose -t = -2*o + 175. Calculate the remainder when o is divided by 23.
21
Let q = 6 + -5. Suppose 0 = -3*h + 28 + 56. Calculate the remainder when q*(h + 0) + -3 is divided by 9.
7
Suppose -z + 88 = 3*l, 0 = 4*l - 2*z - 23 - 81. Calculate the remainder when 81 is divided by l.
25
Suppose g = 4, -331 - 27 = -5*b + 3*g. What is the remainder when b is divided by 25?
24
Let s(o) = 2*o**2 + 12*o. Let h be s(-8). Suppose 14*v - h = 6*v. Let f = 5 + 1. Calculate the remainder when f is divided by v.
2
Let r = 39 - 25. Let d = r - 6. Let n(q) = 3*q - 11. Calculate the remainder when 36 is divided by n(d).
10
Let w = -5 - -36. Calculate the remainder when 214 is divided by w.
28
Let y(r) = r**3 - 5*r**2 - 11*r - 20. Let w = 89 + -80. What is the remainder when y(w) is divided by 26?
23
Suppose 38*p = 34*p + 2364. What is the remainder when p is divided by 18?
15
Let o(u) = -8 + 4 - 1 + u**2 + 6*u. Let t be o(-5). Let k(p) = -9*p - 25. What is the remainder when k(t) is divided by 17?
14
Let f be (1 - 27/2)*-2. Suppose 0 = 5*o - f + 10. Suppose -4*d = -2*m - 40, o*m + 0 + 27 = 3*d. Calculate the remainder when d is divided by 7.
4
Let r be (0 - -8)/(0 - -2). Suppose -h + 66 = -5*t, 6*h - 5*t - 112 = r*h. Suppose 2*d - h = 52. What is the remainder when d is divided by 13?
10
Let q = 11 + -29. Let o(v) = v**3 + 11*v**2 + 8*v + 13. Let z be o(-10). Let f = q + z. What is the remainder when 56 is divided by f?
11
Let j = -19 - -22. Suppose w + 43 = 3*o + 3, -75 = -4*o - j*w. Suppose -o*n + 12*n + 39 = 0. Calculate the remainder when 25 is divided by n.
12
Let g = 123 + -120. Suppose -25 = -2*b - 3*o, -8*b + g*b + o = -20. Calculate the remainder when b is divided by (4 - 0)*(-2 - -3).
1
Let v = -236 - -337. Calculate the remainder when v is divided by 11.
2
Let n = 150 - 119. What is the remainder when n is divided by 16?
15
Let k(b) = -b**2 - 9*b - 1. Suppose 4*w - 15 = -39. Let d be k(w). Let g = -2 + d. What is the remainder when 58 is divided by g?
13
Suppose 37*o - 68 = 36*o. Calculate the remainder when o is divided by 35.
33
Let f = -103 + 152. Let w = -33 + f. Suppose -5*u + z = 9*u - 74, 5*z = -4*u. What is the remainder when w is divided by u?
1
Suppose 6*r = r + 30. Suppose 0 = -2*u + 1 + 1, 0 = n - 2*u + r. Calculate the remainder when (3 - n/(-1)) + 25 is divided by 13.
11
What is the remainder when (128/(-20) + 4)*-15 is divided by 20?
16
Suppose 3*k - 1 - 53 = 0. Calculate the remainder when 33 is divided by k.
15
Suppose 2*z - 1 = z. Suppose 0 = -5*x + 5*k + 40, -x + 4*k - 5 + z = 0. What is the remainder when 31 is divided by x?
7
Let i(q) = 3*q - 1. Let n be i(2). Suppose 2*o - n = 2*u + 11, o + 2*u + 1 = 0. Calculate the remainder when 6/(2/9*3) is divided by o.
4
Let t(g) = -2*g**3 - g**2 - 3*g - 4. Let s(y) = -y**2 - 4*y + 17. Let f be s(-5). Suppose 2*q = 14 + f. Calculate the remainder when t(-3) is divided by q.
11
Suppose 2*p - 371 = -275. Let r = -15 + 22. What is the remainder when p is divided by r?
6
Let s(a) = 8*a**2 - 2. Let h be s(-5). Suppose -h = 27*j - 30*j. What is the remainder when j is divided by 23?
20
Let d = -120 - -186. Suppose -5*k - d + 411 = 0. Suppose 8*n - 208 = 72. Calculate the remainder when k is divided by n.
34
Suppose 5*g - 2*c = 3*c + 175, -c + 2 = 0. What is the remainder when 361 is divided by g?
28
Let a = 316 + -272. Calculate the remainder when a is divided by 12.
8
Suppose 0 = 8*o - 12*o + 20. Suppose 0*k - 5*k = -o. Let a = k - -18. Calculate the remainder when 35 is divided by a.
16
Suppose a - 5*u = 11, 85 = 5*a - 5*u + 30. Let b = 59 + -19. Calculate the remainder when b is divided by a.
7
Let y = -46 + 53. What is the remainder when y is divided by 4?
3
Let p = -15 - -15. Suppose -b + 1 = -p*b. What is the remainder when 4/(b + -13)*-78 is divided by 7?
5
Let y be -3 - (0 + 3) - -2. What is the remainder when -44*(3 + 14/y) is divided by 4?
2
Suppose -10*f = -3477 - 5063. Calculate the remainder when f is divided by 95.
94
Let k = 38 + -33. Suppose 3*p = k*p - 6. Let m(u) = u**2 - 3*u + 5. What is the remainder when m(4) is divided by p?
0
Suppose -5*b = -3*k + k, 4*k - b = 18. Let i(l) = 5*l**2 - 6*l**3 + l + 4*l**3 + 8*l**3 + 4 - 7*l**3. Calculate the remainder when 16 is divided by i(k).
7
Suppose 20 = -z - 10. Let a be (-3 - 2)*12/z. Let n(l) = 14*l**2 - 4*l + 1. Calculate the remainder when n(a) is divided by 26.
23
Suppose -5*v + 5*u + 340 = 0, 4*v - 277 = 2*u + 3*u. What is the remainder when v is divided by 16?
15
Let d be (2 + -2)*6/12. Suppose 25 = 5*c, d = -5*a - 2*c + 11 + 34. What is the remainder when 19 is divided by a?
5
Let c(d) = 4*d**2 + 2*d + 1. Let t(x) = -4*x**2 - 2*x - 1. Let n(z) = 4*c(z) + 3*t(z). Calculate the remainder when n(-4) is divided by 10.
7
Let q(y) = 3*y**2 + 28*y - 98. What is the remainder when q(5) is divided by 6?
3
Suppose 10 + 85 = 5*r. Calculate the remainder when 263 is divided by r.
16
Suppose -2*r - 3*u + 350 = 0, -r - 2*r - 3*u = -525. What is the remainder when r is divided by 20?
15
Let l = -238 - -249. What is the remainder when l is divided by 1?
0
Let m = 717 - 454. Calculate the remainder when m is divided by 88.
87
Let b = 15 + -5. Suppose -25 = 3*x - 8*x + 3*h, 4*x + 3*h + 7 = 0. Suppose 4*s = x*s + b. Calculate the remainder when s is divided by 4.
1
Let r(j) = -6*j - 92. Calculate the remainder when 935 is divided by r(-24).
51
Let u(h) = -6*h - 15. Let a(c) = 12*c + 31. Let o(t) = 2*a(t) + 5*u(t). Calculate the remainder when 30 is divided by o(-4).
8
Let l(y) = -9*y - y**3 + 5*y**2 + 2*y**3 + 3*y + 7. What is the remainder when l(-5) is divided by 8?
5
Let i(p) = 4*p**2 - 13*p - 4. Calculate the remainder when i(-6) is divided by 20.
18
Let r(h) = 3*h**2 + 6*h**3 - h - 2*h**2 + 4 - 7*h**3 + 0*h. Calculate the remainder when 7 is divided by r(0).
3
Suppose -4*s + 45 + 23 = 0. Suppose 0*x + 260 = 4*x. What is the remainder when x is divided by s?
14
What is the remainder when (149/(-6))/(6/(-144)) is divided by 23?
21
Suppose